test common factor of 713450 and 987565?
3755
Calculate the greatest common divisor of 1859557 and 631.
631
Calculate the greatest common divisor of 9808082 and 568.
142
Calculate the greatest common divisor of 280 and 7456316.
28
What is the greatest common factor of 836875 and 5625?
625
What is the highest common factor of 3007851 and 1595?
319
Calculate the greatest common divisor of 159485082 and 138.
138
What is the greatest common factor of 108 and 28694244?
12
Calculate the greatest common divisor of 42312 and 345720.
1032
What is the greatest common divisor of 765271 and 130075?
43
Calculate the greatest common divisor of 21796 and 107339851.
5449
What is the highest common divisor of 4971 and 3621?
3
What is the greatest common factor of 17600450 and 14?
14
Calculate the highest common factor of 37 and 10206709.
37
What is the greatest common factor of 59846 and 899070?
46
What is the highest common divisor of 242857664 and 126?
14
Calculate the greatest common factor of 823 and 155300923.
823
What is the greatest common divisor of 46533771 and 162?
81
What is the highest common factor of 15064 and 80192?
56
What is the highest common factor of 102 and 2894352?
102
What is the greatest common divisor of 147 and 122713836?
147
What is the greatest common divisor of 32220 and 10867806?
3222
Calculate the greatest common divisor of 98895390 and 132.
66
What is the greatest common divisor of 2072176379 and 13?
13
Calculate the highest common factor of 8 and 45977912.
8
What is the highest common divisor of 364 and 278875844?
52
What is the highest common factor of 93766093 and 1466?
733
Calculate the greatest common factor of 53072 and 3157536.
496
Calculate the greatest common factor of 328 and 7569379.
41
What is the greatest common divisor of 3247 and 127415?
17
Calculate the greatest common divisor of 59439002 and 14.
14
What is the greatest common divisor of 12596 and 86843028?
188
Calculate the greatest common divisor of 2800068 and 1212.
12
Calculate the highest common divisor of 837 and 1159245.
837
What is the greatest common divisor of 3351026 and 217210?
1498
Calculate the greatest common factor of 30982 and 117152.
14
Calculate the highest common divisor of 886088 and 259.
7
What is the highest common divisor of 6550364 and 380?
76
What is the highest common factor of 14606 and 3321592?
134
Calculate the greatest common factor of 16554 and 199981.
31
What is the greatest common factor of 14097 and 2937?
3
Calculate the greatest common factor of 91 and 111349.
7
Calculate the greatest common factor of 2986 and 331126498.
2986
What is the greatest common divisor of 8949 and 34792770?
471
What is the highest common factor of 16038 and 130482?
198
Calculate the greatest common divisor of 1159 and 3600403.
61
What is the greatest common divisor of 56153 and 1369?
1
Calculate the greatest common divisor of 5304 and 5499624.
312
What is the greatest common divisor of 8844 and 5214836?
44
Calculate the greatest common factor of 4057 and 1502757427.
4057
Calculate the highest common factor of 13684688 and 16.
16
What is the greatest common factor of 39612123 and 27?
9
What is the highest common factor of 170189678 and 318?
106
What is the greatest common factor of 140015680 and 1792?
448
What is the highest common factor of 10312668 and 456?
228
Calculate the highest common factor of 12987 and 1459539.
999
Calculate the highest common divisor of 1098300 and 305432.
2092
What is the greatest common divisor of 14705 and 30193690?
865
What is the greatest common divisor of 1504 and 10288112?
752
What is the greatest common factor of 556577 and 212681?
161
Calculate the greatest common divisor of 529470927 and 5526.
2763
What is the highest common divisor of 64539 and 4899?
213
Calculate the greatest common divisor of 16 and 1752718456.
8
What is the greatest common factor of 8745 and 7849035?
795
What is the greatest common factor of 110170043 and 145?
29
Calculate the highest common divisor of 2964654 and 598.
46
What is the greatest common divisor of 474 and 411748?
158
Calculate the greatest common factor of 4711 and 758739527.
4711
What is the highest common factor of 6612 and 14752155?
87
What is the greatest common factor of 31935198 and 96?
6
What is the highest common factor of 2904371 and 2167?
197
What is the highest common divisor of 2020960 and 6120?
680
What is the highest common factor of 381053 and 424877?
83
Calculate the highest common divisor of 10332 and 2956428.
1476
Calculate the highest common divisor of 1252 and 49804.
4
What is the highest common divisor of 589572 and 108279?
477
Calculate the greatest common factor of 417422 and 45426.
226
What is the greatest common divisor of 2218833 and 51336?
207
Calculate the greatest common divisor of 19530 and 835485.
105
What is the highest common divisor of 20 and 1497310?
10
Calculate the greatest common divisor of 6718903 and 68563.
271
What is the highest common factor of 17 and 105118157?
17
Calculate the highest common factor of 311100 and 9972540.
1020
Calculate the highest common divisor of 116484967 and 29405.
5881
What is the greatest common divisor of 2568 and 16182312?
24
What is the greatest common divisor of 385512446 and 22?
22
Calculate the greatest common divisor of 11045 and 25184809.
2209
Calculate the greatest common divisor of 79791190 and 40.
10
What is the highest common factor of 429031904 and 224?
224
What is the highest common divisor of 135810332 and 14?
14
What is the greatest common divisor of 147496 and 165624?
824
What is the highest common divisor of 190 and 12102145?
95
What is the greatest common factor of 4239 and 1017144?
27
Calculate the greatest common factor of 24 and 29666936.
8
Calculate the highest common divisor of 1484 and 1783904528.
1484
Calculate the highest common divisor of 33659096 and 8.
8
Calculate the greatest common factor of 32429628 and 30492.
2772
Calculate the greatest common divisor of 2171818 and 1672.
22
What is the greatest common factor of 97592 and 136818?
22
What is the highest common factor of 9932 and 299494?
26
What is the greatest common divisor of 3015 and 1353735?
3015
Calculate the greatest common divisor of 53284675 and 9200.
575
Calculate the greatest common divisor of 1431429935 and 4615.
4615
What is the greatest common factor of 832984975 and 25?
25
What is the highest common divisor of 575310 and 1756410?
3810
What is the greatest common factor of 695805 and 160545?
165
Calculate the greatest common factor of 18 and 40173888.
6
Calculate the highest common divisor of 156 and 9203298.
78
What is the greatest common factor of 312256434 and 3882?
3882
What is the greatest common divisor of 418365 and 1484421?
3099
What is the highest common factor of 13753 and 128656?
17
What is the greatest common divisor of 218276 and 580756?
788
What is the highest common factor of 35924 and 11116?
28
What is the greatest common divisor of 45 and 17414685?
45
Calculate the greatest common factor of 727191 and 21627.
27
What is the greatest common factor of 5048 and 12440?
8
What is the highest common factor of 183895971 and 2994?
1497
Calculate the greatest common factor of 8160 and 34103360.
2720
What is the highest common divisor of 1365427 and 1498?
749
What is the greatest common divisor of 63 and 2121435?
9
Calculate the highest common divisor of 24813 and 13203.
27
What is the highest common factor of 616520 and 100?
20
Calculate the highest common factor of 6524 and 5974556.
28
What is the greatest common factor of 50813 and 4941?
61
Calculate the highest common factor of 2928855 and 83955.
435
What is the highest common divisor of 52592982 and 78?
78
What is the highest common factor of 48 and 969053280?
48
What is the highest common factor of 9462 and 15936?
498
Calculate the greatest common factor of 241110 and 24112410.
1410
Calculate the greatest common divisor of 30136 and 1096.
8
Calculate the greatest common factor of 140669 and 35860.
163
What is the greatest common divisor of 5355 and 14796341?
119
Calculate the greatest common factor of 29793997 and 59.
59
Calculate the highest common divisor of 122237 and 117367.
487
Calculate the highest common factor of 90393 and 144421.
1039
What is the